{"id":4463,"date":"2023-09-27T19:48:18","date_gmt":"2023-09-27T19:48:18","guid":{"rendered":"https:\/\/5toprincipio.online\/?post_type=product&#038;p=4463"},"modified":"2023-10-31T21:54:19","modified_gmt":"2023-11-01T03:54:19","slug":"fundamentos-del-cooperativismo-m1-identidad-cooperativa","status":"publish","type":"product","link":"https:\/\/5toprincipio.online\/inicio\/producto\/fundamentos-del-cooperativismo-m1-identidad-cooperativa\/","title":{"rendered":"Fundamentos del Cooperativismo &#8211; M1: Identidad Cooperativa"},"content":{"rendered":"<p>Curso Online para que las personas que forman parte de una cooperativa como Socios, Directivos o Trabajadores, as\u00ed como cualquier otra persona interesada en el tena, adquieran los conocimientos m\u00ednimos indispensables para comprender lo que es el cooperativismo, as\u00ed como cuales son los derechos, obligaciones y responsabilidades que se adquieren al participar en una cooperativa.<\/p>\n","protected":false},"excerpt":{"rendered":"<p>Curso Online para comprender lo que es la Identidad Cooperativa<\/p>\n","protected":false},"featured_media":4460,"comment_status":"open","ping_status":"closed","template":"","meta":{"om_disable_all_campaigns":false,"_mi_skip_tracking":false,"_monsterinsights_sitenote_active":false,"_monsterinsights_sitenote_note":"","_monsterinsights_sitenote_category":0,"site-sidebar-layout":"no-sidebar","site-content-layout":"page-builder","ast-site-content-layout":"full-width-container","site-content-style":"unboxed","site-sidebar-style":"unboxed","ast-global-header-display":"","ast-banner-title-visibility":"","ast-main-header-display":"","ast-hfb-above-header-display":"","ast-hfb-below-header-display":"","ast-hfb-mobile-header-display":"","site-post-title":"disabled","ast-breadcrumbs-content":"","ast-featured-img":"disabled","footer-sml-layout":"","theme-transparent-header-meta":"default","adv-header-id-meta":"","stick-header-meta":"","header-above-stick-meta":"","header-main-stick-meta":"","header-below-stick-meta":"","astra-migrate-meta-layouts":"set","ast-page-background-enabled":"default","ast-page-background-meta":{"desktop":{"background-color":"var(--ast-global-color-4)","background-image":"","background-repeat":"repeat","background-position":"center center","background-size":"auto","background-attachment":"scroll","background-type":"","background-media":"","overlay-type":"","overlay-color":"","overlay-gradient":""},"tablet":{"background-color":"","background-image":"","background-repeat":"repeat","background-position":"center center","background-size":"auto","background-attachment":"scroll","background-type":"","background-media":"","overlay-type":"","overlay-color":"","overlay-gradient":""},"mobile":{"background-color":"","background-image":"","background-repeat":"repeat","background-position":"center center","background-size":"auto","background-attachment":"scroll","background-type":"","background-media":"","overlay-type":"","overlay-color":"","overlay-gradient":""}},"ast-content-background-meta":{"desktop":{"background-color":"var(--ast-global-color-5)","background-image":"","background-repeat":"repeat","background-position":"center center","background-size":"auto","background-attachment":"scroll","background-type":"","background-media":"","overlay-type":"","overlay-color":"","overlay-gradient":""},"tablet":{"background-color":"var(--ast-global-color-5)","background-image":"","background-repeat":"repeat","background-position":"center center","background-size":"auto","background-attachment":"scroll","background-type":"","background-media":"","overlay-type":"","overlay-color":"","overlay-gradient":""},"mobile":{"background-color":"var(--ast-global-color-5)","background-image":"","background-repeat":"repeat","background-position":"center center","background-size":"auto","background-attachment":"scroll","background-type":"","background-media":"","overlay-type":"","overlay-color":"","overlay-gradient":""}}},"product_cat":[84,41,50,91],"product_tag":[88,89,87],"aioseo_notices":[],"_links":{"self":[{"href":"https:\/\/5toprincipio.online\/inicio\/wp-json\/wp\/v2\/product\/4463"}],"collection":[{"href":"https:\/\/5toprincipio.online\/inicio\/wp-json\/wp\/v2\/product"}],"about":[{"href":"https:\/\/5toprincipio.online\/inicio\/wp-json\/wp\/v2\/types\/product"}],"replies":[{"embeddable":true,"href":"https:\/\/5toprincipio.online\/inicio\/wp-json\/wp\/v2\/comments?post=4463"}],"version-history":[{"count":1,"href":"https:\/\/5toprincipio.online\/inicio\/wp-json\/wp\/v2\/product\/4463\/revisions"}],"predecessor-version":[{"id":6825,"href":"https:\/\/5toprincipio.online\/inicio\/wp-json\/wp\/v2\/product\/4463\/revisions\/6825"}],"wp:featuredmedia":[{"embeddable":true,"href":"https:\/\/5toprincipio.online\/inicio\/wp-json\/wp\/v2\/media\/4460"}],"wp:attachment":[{"href":"https:\/\/5toprincipio.online\/inicio\/wp-json\/wp\/v2\/media?parent=4463"}],"wp:term":[{"taxonomy":"product_cat","embeddable":true,"href":"https:\/\/5toprincipio.online\/inicio\/wp-json\/wp\/v2\/product_cat?post=4463"},{"taxonomy":"product_tag","embeddable":true,"href":"https:\/\/5toprincipio.online\/inicio\/wp-json\/wp\/v2\/product_tag?post=4463"}],"curies":[{"name":"wp","href":"https:\/\/api.w.org\/{rel}","templated":true}]}}